 Calculate s(t).
-2
Let h(t) be the first derivative of 1/6*t**3 + 1/20*t**5 - 1/12*t**4 + 5/2*t**2 + 2*t + 2. Let d(c) be the first derivative of h(c). What is d(0)?
5
Let x(s) be the third derivative of -s**4/24 + 2*s**3/3 - 11*s**2. What is x(4)?
0
Let c be 10/5 + 2 + -1. Let d = -2 - -4. Let n(i) = c + i**d - 3 + 3 + 6*i. Calculate n(-4).
-5
Let g(f) = f - 9. Suppose 0 = -12*w - 11 + 83. Calculate g(w).
-3
Let d(g) = 7*g + 4. Let o(f) = -f + f - 4*f + 3*f. Let v(t) = d(t) + 6*o(t). Give v(-6).
-2
Let y(f) = f**3 + 2*f**2 - 3*f + 1. Suppose 2*q - 3*q + 2 = 0. Suppose -q*m = 3*h + 1, 4*m - 19 = h - 0*h. Calculate y(h).
1
Suppose 2*b = -2*b + 8. Let y(p) = -2*p - 4 + p + b + 0. What is y(2)?
-4
Let y(k) be the first derivative of k**3/3 + 4*k**2 + 10*k + 2. Let i be y(-7). Let g(q) = -3 - q**3 + q**2 - 3*q**3 + 3*q**3 + 3*q**2. What is g(i)?
6
Let z = 9 - 4. Let b(o) = 14*o**2 - o - z*o**2 + 6*o**2. Determine b(1).
14
Let g = -200 + 198. Let a(f) = 5*f + 9. Let n(l) = 3*l + 5. Let m(d) = 4*a(d) - 7*n(d). Calculate m(g).
3
Let l(d) be the first derivative of -d**3/3 + 7*d**2/2 + d - 4. Determine l(6).
7
Suppose 4*q - y + 17 = 0, 5*q - 4*y + 18 = -6. Let l be q/2 + -3 + 9. Let x(g) = g. What is x(l)?
4
Let d(h) be the second derivative of -h**3/6 + h**2/2 - 10*h. Give d(-3).
4
Suppose 0 = z - 5, -3*z + 1 = n - 12. Let q be -3 + (0 - 8/n). Let y(j) = 6*j. Determine y(q).
6
Let k(c) = 4 - 8*c + 0*c**2 - c**2 + 8*c**2 - c**3. What is k(6)?
-8
Let h(r) = 3*r**2 - r - 2. Suppose 8 = 4*w - 0*w. Suppose 4*g - 10 = w*g. Suppose 3*y + z = 7, 2*y - g*z - 3 = -4*z. Give h(y).
8
Suppose -17 = -5*x - 3*h + 2, 5*h = 15. Let v(c) be the second derivative of -c**x - 2/3*c**3 - 1/6*c**4 + 0 - 3*c. Calculate v(-3).
-8
Suppose 0 = i + 3*i - 5*d - 8, 4*d + 4 = 2*i. Let p(m) = 3*m + 2. Give p(i).
8
Let d(y) = -y - 12. Let s(b) = -b - 11. Let l(g) = 4*d(g) - 5*s(g). Let m = 15 - 21. Give l(m).
1
Let j(b) = -b**3 - 4*b**2 - b - 4. Let g = -5 - -7. Let x = -2 - g. Calculate j(x).
0
Let b(p) = p**3 + 5*p**2 - 7*p - 9. Suppose -2*d - 3*x = 2*d + 36, 3*x = -5*d - 42. Give b(d).
-3
Let s = -4 + 5. Let h = 5 - s. Let x(t) = t + 2. Give x(h).
6
Let x(q) = -4 + 5 - q**2 + 0*q + 5*q - 5. Let w be (-22)/6*-1*3. Suppose 0 = 2*u - 2*f + 6*f + 4, 2*u - w = f. Determine x(u).
0
Let g(j) = 31*j**2 + 21*j + 5. Let n = 10 - 8. Let a(l) = -2*l**2 - 4*l - 1 - 7*l**n + 3*l**2 + 0*l. Let w(o) = 11*a(o) + 2*g(o). Give w(-1).
-3
Let b(x) = -x**3 - 9*x**2 - 10*x - 10. Let c be b(-8). Let z(i) = 2*i - 5. Give z(c).
7
Let z = -6 - -2. Let x(w) = 6*w - 1. Let t(f) = -1 + 10 - 9 + 5*f. Let s(m) = 5*t(m) - 4*x(m). Calculate s(z).
0
Let s(r) = r**2 - 3*r + 5. Let n = 6 + -4. Suppose 0 = -n*j + j + 4. Calculate s(j).
9
Let i(j) = j**3 + 4*j**2 + 3*j + 1. Let q be i(-2). Suppose o + 4 = 3*o. Let t(g) = 0*g + 0*g - o*g + 1. Determine t(q).
-5
Let h(f) = 2*f + 10. Let r be h(-10). Let b = 10 + r. Let s(m) = -1 + 1 + b*m - m. Calculate s(-5).
5
Let t(w) = -w**2 - w. Let h(c) = -6*c - 3. Let x(a) = -h(a) + t(a). Let o be 1*30/(6 - 1). Calculate x(o).
-3
Let c(i) be the second derivative of i**5/20 - i**4/2 - 4*i**3/3 + 2*i**2 + 24*i. What is c(7)?
-3
Let k(y) = 1 - 3*y + 3*y - 4 - 5*y**3. Let n(j) = 11*j**3 + 7. Let z(i) = -14*k(i) - 6*n(i). Calculate z(1).
4
Let y(b) = 7*b**3 + 7*b**2 + 3*b + 8. Let q(i) = -4*i**3 - 4*i**2 - 2*i - 4. Let o(x) = -5*q(x) - 3*y(x). Give o(-3).
11
Let n(v) be the second derivative of 1/2*v**2 + 1/2*v**3 + 0 - 4*v. Give n(1).
4
Let w(o) = -o**2 - 6*o. Let a = 5 + -8. What is w(a)?
9
Let o(k) = -k**2 + 2*k - 2. Let c(x) = -3*x**2 + 5*x - 3. Let d(j) = 2*c(j) - 5*o(j). Suppose 3*g - 4*g - 22 = 0. Let u be g/8 + 2/(-8). Calculate d(u).
-5
Let q(b) = -3*b**3 + 8*b**2 - 11*b + 6. Let k(y) = y**3 - 3*y**2 + 4*y - 2. Let p(i) = 11*k(i) + 4*q(i). Suppose 0 = -5*t + 3 + 7. Give p(t).
-10
Let w(y) = 2*y**3 - 8*y**2 + 10*y - 8. Let g(m) = -m**3 + 7*m**2 - 9*m + 7. Let s = -5 + 2. Let t(o) = s*g(o) - 2*w(o). Calculate t(-6).
-11
Let j(h) be the second derivative of -2*h**2 - 4*h + 0 - 1/3*h**3. Let z be (-2)/3*(0 - -6). Give j(z).
4
Let d be (-1 + 3 - -7) + -3. Suppose -d*x - 24 = -10*x. Let j(b) = -2*b + 8. What is j(x)?
-4
Let w be (-5)/(-1)*(2 + -3). Let n(u) = -u + u + 4 + u. Calculate n(w).
-1
Suppose -4*n + 12 = -4. Let m be 0/(-3) - (5 - n). Let v(p) = -17*p - 1. What is v(m)?
16
Let h(t) = t**2 + t - 1. Suppose -3*i = 2*i. Let q be h(i). Let c(y) = 6*y**3 + y**2 + 2*y + 1. Calculate c(q).
-6
Let p(j) = -2*j**2 + 0*j**2 + j + 0*j. Calculate p(-1).
-3
Let d(g) = 2*g - 3. Let c be (-18)/15*(-20)/8. What is d(c)?
3
Let k = 7 - 16. Let j(f) = -f**2 - 8*f + 13. Let i be j(k). Let m(s) be the third derivative of s**6/120 - s**5/15 - s**4/12 + 5*s**3/6 - s**2. What is m(i)?
-3
Let j be -7 - ((3 - 1) + -1). Let h(p) = 3*p + 7. Let t(r) = 2*r + 5. Let s(f) = j*t(f) + 5*h(f). What is s(-6)?
1
Let o = 4 + -3. Let l(s) = -15*s**2 - 2*s + 1. Give l(o).
-16
Let j(r) = r + 11. Let l be (2 + 0)/((-8)/20). Determine j(l).
6
Suppose 2*p + 4*a + 22 = 0, -2*p + a = 3*p. Let k(u) = -5*u + 5. Let h(s) = 6*s - 6. Let j(t) = -4*h(t) - 5*k(t). What is j(p)?
-2
Let g(a) be the third derivative of -a**4/24 + 2*a**3/3 - 8*a**2. Determine g(-3).
7
Let h(t) = 10*t + 3. Let l(y) = -170*y - 50. Let p(r) = -50*h(r) - 3*l(r). What is p(-1)?
-10
Let h(i) be the first derivative of -2*i**2 + 3*i - 1. What is h(3)?
-9
Let z = -16 - -8. Let r(a) = -2*a - 10. Determine r(z).
6
Let l(m) be the third derivative of 5*m**4/24 - m**3/6 + 20*m**2. What is l(-1)?
-6
Let s(b) = 1. Suppose -5*u + 8 = -32. Suppose -8 - u = -4*c. Let w(q) = -q + 1. Let r(n) = c*s(n) - 4*w(n). Give r(1).
4
Suppose -4*k + 3*t = -12, -4*k + 2*t - 5*t + 12 = 0. Let q be k/(-2)*(-56)/21. Let p(l) = -l**3 + 0*l**2 - 3 - 4*l + 6*l**2 - l**2. Calculate p(q).
-3
Let s = -2 - -3. Let z(d) = -2*d**2 - s - d + 0 + d**2. Suppose -2*l = 5 - 3. What is z(l)?
-1
Let t(l) be the first derivative of -l**7/210 - l**6/360 - l**5/120 - l**4/24 - 5*l**3/3 + 8. Let h(g) be the third derivative of t(g). What is h(-1)?
3
Let g(m) = -m**2 - 1. Let v(y) = -2*y**2 + y - 1. Let u(f) = 13*g(f) - 6*v(f). Suppose -s - 3*c + c = 1, -2*s + 7 = c. Suppose -q - s + 0 = 0. Determine u(q).
-2
Let m(k) = -k**2 + 5*k + 2. Let r = 89 - 84. Calculate m(r).
2
Let z(k) = -k**3 + 11*k**2 - 8*k - 14. Suppose -8*m + 39 = -41. Determine z(m).
6
Let b(c) = 49 - 2*c**3 - 35 + 3*c**3. Give b(0).
14
Let d(j) = j**3 - j - 8. Let c(l) = -l**3 - 8*l**2 + 9*l. Suppose -m - r = -3*r + 12, 5*m = -4*r - 46. Let x = -19 - m. Let q be c(x). Determine d(q).
-8
Let v(f) be the third derivative of f**4/24 - f**3/3 + f**2. Suppose 3*d - 45 = -2*c - 3*c, 4*d - 50 = -5*c. Calculate v(c).
4
Suppose -3*n - 5*b = -1, 3*n - 4*n + b = -3. Let w(v) = -3 - 2*v**n + v**2 + 0*v - 2*v - 3*v. What is w(-4)?
1
Let o(k) = k + 3 + 4 - 2. Determine o(4).
9
Let c(g) = -4*g + 0*g + 1 + g. Let y = 7 - 4. Suppose 0 = -v - y*v - 8. Calculate c(v).
7
Let i(n) = -n**2 - 8*n - 5. Let d = -38 + 34. Determine i(d).
11
Let x be ((-4)/6)/(2/3). Let j(h) = h**3 - 2. Let d(r) = 3*r**3 + r**2 + r + 11. Let w(s) = d(s) + 5*j(s). What is w(x)?
-7
Let i(n) = -3*n - 4. Let b(h) = -8*h - 12. Let g(k) = 4*b(k) - 11*i(k). Give g(-4).
-8
Suppose 3*m - 6*m = 0. Let l(a) be the first derivative of -3 - 2*a**4 + m*a**2 + 2/3*a**3 - a. Give l(1).
-7
Let l(m) = -m**3 - 5*m**2 + 4*m - 7. Let c = 12 + 3. Let j be (-2)/5 + (-84)/c. Determine l(j).
5
Let u(r) be the first derivative of r**4/24 + 7*r**3/6 + 2*r**2 + 1. Let s(n) be the second derivative of u(n). Suppose -4*l + 0*l = 0. What is s(l)?
7
Let u(o) = o**2 + 19*o + 17. Let g be u(-18). Let v(p) be the second derivative of p**5/5 - p**4/12 + p**3/6 + p**2/2 - p. What is v(g)?
-5
Let r(p) = 0*p**2 + 7*p - 10*p - 2 - p**2. What is r(-2)?
0
Let h be 11/(-3) - -2 - (-3)/(-9). Let w = -9 - -14. Let r(t) = t + 0*t - w*t. Calculate r(h).
8
Let y(q) = -q**2 - 2*q + 6. Suppose 0 = -3*c + c - 10. What is y(c)?
-9
Let s(q) = q**3 - 5*q**2 + 3*q + 4. Let o = 20 + -16. What is s(o)?
0
Let a(p) = 2*p + 11 + 0 - 3 - p. Calculate a(-4).
4
Let m(q) = -3*q**2 - q. Let z be -4 + 6 - 2 - -1. Determine m(z).
-4
Let y(v) be the second derivative of v**4/12 - v**3 - 3*v**2/2 - 5*v + 7. Determine y(6).
-3
Let i(x) =